{"id":2324,"date":"2013-04-22T08:36:37","date_gmt":"2013-04-22T06:36:37","guid":{"rendered":"http:\/\/tiszacsege.hu\/?page_id=2324"},"modified":"2024-09-27T12:05:09","modified_gmt":"2024-09-27T10:05:09","slug":"rendezesi-terv","status":"publish","type":"page","link":"https:\/\/tiszacsege.hu\/?page_id=2324","title":{"rendered":"Rendez\u00e9si terv"},"content":{"rendered":"\n<h2 class=\"wp-block-heading\"><strong>TISZACSEGE V\u00c1ROSK\u00d6ZPONT&nbsp;SZAB\u00c1LYOZ\u00c1SI \u00c9S FEJLESZT\u00c9SI TERV&nbsp;&#8211; TELEP\u00dcL\u00c9SRENDEZ\u00c9SI TERV 2009. \u00c9VI M\u00d3DOS\u00cdT\u00c1SA<\/strong><\/h2>\n\n\n<div class=\"wp-block-image wp-image-2325\">\n<figure class=\"aligncenter\"><img decoding=\"async\" src=\"http:\/\/tiszacsege.hu\/wp-content\/uploads\/2013\/04\/TRTmod_Kozpont_fejlesztes_Tiszacsege_2009.bmp\" alt=\"TRTmod_Kozpont_fejlesztes_Tiszacsege_2009\" class=\"wp-image-2325\"\/><figcaption class=\"wp-element-caption\">V\u00e1rosrendez\u00e9si terv<\/figcaption><\/figure>\n<\/div>\n\n\n<p class=\"has-text-align-justify has-medium-font-size wp-block-paragraph\">&#8222;2000. j\u00falius 1.-\u00e9n Tiszacsege v\u00e1rosi rangot kapott, mely \u00faj feladatokat is jelentett a telep\u00fcl\u00e9s sz\u00e1m\u00e1ra. Telep\u00fcl\u00e9srendez\u00e9si terv\u00e9t, benne a v\u00e1rosk\u00f6zpont ter\u00fclet\u00e9t is tartalmaz\u00f3 szab\u00e1lyoz\u00e1si tervet, Helyi \u00e9p\u00edt\u00e9si szab\u00e1lyzatot 2001 \u00e9vben \u00f6nkorm\u00e1nyzati rendelettel hagyt\u00e1k j\u00f3v\u00e1.<\/p>\n\n\n\n<div style=\"height:20px\" aria-hidden=\"true\" class=\"wp-block-spacer\"><\/div>\n\n\n\n<p class=\"has-text-align-justify has-medium-font-size wp-block-paragraph\">A v\u00e1rosnak elfogadott Helyi \u00e9rt\u00e9kv\u00e9delmi rendelete van. Az \u00e9p\u00edtett k\u00f6rnyezet \u00e9rt\u00e9keit nyilv\u00e1ntart\u00e1sba vev\u0151, helyi \u00e9rt\u00e9kv\u00e9delmi kataszter is k\u00e9sz\u00fclt. A v\u00e9delemre \u00e9rdemes \u00e9p\u00fcletek k\u00f6z\u00fcl t\u00f6bb is a v\u00e1rosk\u00f6zpont ter\u00fclet\u00e9n tal\u00e1lhat\u00f3.<\/p>\n\n\n\n<div style=\"height:20px\" aria-hidden=\"true\" class=\"wp-block-spacer\"><\/div>\n\n\n\n<p class=\"has-text-align-justify has-medium-font-size wp-block-paragraph\">A strandf\u00fcrd\u0151 ter\u00fclet\u00e9re (t\u00f6mbj\u00e9re) 2003. \u00e9vben be\u00e9p\u00edt\u00e9si javaslatot dolgoztatott ki az&nbsp;\u00f6nkorm\u00e1nyzat.&nbsp;Az \u00f6nkorm\u00e1nyzat elhat\u00e1roz\u00e1sa, hogy a telep\u00fcl\u00e9sk\u00f6zpontot, az \u00fajonnan megszerzett&nbsp;v\u00e1rosi ranghoz m\u00e9lt\u00f3an fejleszti tov\u00e1bb. Rendezett, \u00e9s ig\u00e9nyes \u00e9p\u00edtett k\u00f6rnyezetet&nbsp;alak\u00edt ki. Gyalogos z\u00f3n\u00e1kat v\u00e1laszt le, illetve jel\u00f6l ki, \u00e9s egys\u00e9ges, a v\u00e1ros&nbsp;karakter\u00e9hez igazod\u00f3 d\u00edszburkolattal, t\u00e9rb\u00fatorokkal, vil\u00e1g\u00edt\u00e1ssal l\u00e1tja el \u0151ket.&nbsp;Az int\u00e9zm\u00e9nyekhez, illetve az elhat\u00e1rozott fejleszt\u00e9sekhez kapcsol\u00f3d\u00f3an megfelel\u0151&nbsp;sz\u00e1m\u00fa g\u00e9pj\u00e1rm\u0171 parkol\u00f3helyet alak\u00edt ki.&nbsp;A fejleszt\u00e9si javaslatok megfogalmaz\u00e1s\u00e1ra \u00e9s mindenki \u00e1ltal j\u00f3l \u00e1tl\u00e1that\u00f3 rajzi&nbsp;form\u00e1ba val\u00f3 \u00f6nt\u00e9se \u00e9rdek\u00e9ben be\u00e9p\u00edt\u00e9si- fejleszt\u00e9si javaslat kidolgoz\u00e1s\u00e1t rendelte&nbsp;meg az \u00f6nkorm\u00e1nyzat. A fejleszt\u00e9si alternat\u00edv\u00e1k alapj\u00e1n ker\u00fclt kiv\u00e1laszt\u00e1sra az a&nbsp;fejleszt\u00e9si javaslat, mely a v\u00e1rosk\u00f6zpont szab\u00e1lyoz\u00e1si terv\u00e9nek alapj\u00e1ul szolg\u00e1lt.&#8221;<\/p>\n\n\n\n<div style=\"height:20px\" aria-hidden=\"true\" class=\"wp-block-spacer\"><\/div>\n\n\n\n<p class=\"has-text-align-justify has-medium-font-size wp-block-paragraph\"><strong>&nbsp;<a href=\"http:\/\/tiszacsege.hu\/wp-content\/uploads\/2013\/04\/TRTmod_Kozpont_fejlesztes_Tiszacsege_2009.pdf\" class=\"ek-link\">V\u00e1rosrendez\u00e9si terv &#8211; Tiszacsege 2009 (pdf).<\/a><\/strong><\/p>\n","protected":false},"excerpt":{"rendered":"<p>TISZACSEGE V\u00c1ROSK\u00d6ZPONT&nbsp;SZAB\u00c1LYOZ\u00c1SI \u00c9S FEJLESZT\u00c9SI TERV&nbsp;&#8211; TELEP\u00dcL\u00c9SRENDEZ\u00c9SI TERV 2009. \u00c9VI M\u00d3DOS\u00cdT\u00c1SA &#8222;2000. j\u00falius 1.-\u00e9n Tiszacsege v\u00e1rosi rangot kapott, mely \u00faj feladatokat is jelentett a telep\u00fcl\u00e9s sz\u00e1m\u00e1ra. Telep\u00fcl\u00e9srendez\u00e9si terv\u00e9t, benne a v\u00e1rosk\u00f6zpont ter\u00fclet\u00e9t is tartalmaz\u00f3 szab\u00e1lyoz\u00e1si tervet, Helyi \u00e9p\u00edt\u00e9si szab\u00e1lyzatot 2001 \u00e9vben \u00f6nkorm\u00e1nyzati rendelettel hagyt\u00e1k j\u00f3v\u00e1. A v\u00e1rosnak elfogadott Helyi \u00e9rt\u00e9kv\u00e9delmi rendelete van. Az \u00e9p\u00edtett k\u00f6rnyezet \u00e9rt\u00e9keit [&hellip;]<\/p>\n","protected":false},"author":1,"featured_media":0,"parent":0,"menu_order":0,"comment_status":"closed","ping_status":"open","template":"","meta":{"_editorskit_title_hidden":false,"_editorskit_reading_time":0,"_editorskit_is_block_options_detached":false,"_editorskit_block_options_position":"{}","_crdt_document":"","footnotes":""},"folder":[],"class_list":["post-2324","page","type-page","status-publish","hentry"],"yoast_head":"<!-- This site is optimized with the Yoast SEO plugin v27.4 - https:\/\/yoast.com\/product\/yoast-seo-wordpress\/ -->\n<title>Rendez\u00e9si terv<\/title>\n<meta name=\"robots\" content=\"index, follow, max-snippet:-1, max-image-preview:large, max-video-preview:-1\" \/>\n<link rel=\"canonical\" href=\"https:\/\/tiszacsege.hu\/?page_id=2324\" \/>\n<meta property=\"og:locale\" content=\"hu_HU\" \/>\n<meta property=\"og:type\" content=\"article\" \/>\n<meta property=\"og:title\" content=\"Rendez\u00e9si terv\" \/>\n<meta property=\"og:description\" content=\"TISZACSEGE V\u00c1ROSK\u00d6ZPONT&nbsp;SZAB\u00c1LYOZ\u00c1SI \u00c9S FEJLESZT\u00c9SI TERV&nbsp;&#8211; TELEP\u00dcL\u00c9SRENDEZ\u00c9SI TERV 2009. \u00c9VI M\u00d3DOS\u00cdT\u00c1SA &#8222;2000. j\u00falius 1.-\u00e9n Tiszacsege v\u00e1rosi rangot kapott, mely \u00faj feladatokat is jelentett a telep\u00fcl\u00e9s sz\u00e1m\u00e1ra. Telep\u00fcl\u00e9srendez\u00e9si terv\u00e9t, benne a v\u00e1rosk\u00f6zpont ter\u00fclet\u00e9t is tartalmaz\u00f3 szab\u00e1lyoz\u00e1si tervet, Helyi \u00e9p\u00edt\u00e9si szab\u00e1lyzatot 2001 \u00e9vben \u00f6nkorm\u00e1nyzati rendelettel hagyt\u00e1k j\u00f3v\u00e1. A v\u00e1rosnak elfogadott Helyi \u00e9rt\u00e9kv\u00e9delmi rendelete van. Az \u00e9p\u00edtett k\u00f6rnyezet \u00e9rt\u00e9keit [&hellip;]\" \/>\n<meta property=\"og:url\" content=\"https:\/\/tiszacsege.hu\/?page_id=2324\" \/>\n<meta property=\"og:site_name\" content=\"Tiszacsege\" \/>\n<meta property=\"article:publisher\" content=\"https:\/\/www.facebook.com\/tiszacsegeonkormanyzata\" \/>\n<meta property=\"article:modified_time\" content=\"2024-09-27T10:05:09+00:00\" \/>\n<meta property=\"og:image\" content=\"http:\/\/tiszacsege.hu\/wp-content\/uploads\/2013\/04\/TRTmod_Kozpont_fejlesztes_Tiszacsege_2009.bmp\" \/>\n<meta name=\"twitter:card\" content=\"summary_large_image\" \/>\n<script type=\"application\/ld+json\" class=\"yoast-schema-graph\">{\"@context\":\"https:\\\/\\\/schema.org\",\"@graph\":[{\"@type\":\"WebPage\",\"@id\":\"https:\\\/\\\/tiszacsege.hu\\\/?page_id=2324\",\"url\":\"https:\\\/\\\/tiszacsege.hu\\\/?page_id=2324\",\"name\":\"Rendez\u00e9si terv\",\"isPartOf\":{\"@id\":\"https:\\\/\\\/tiszacsege.hu\\\/#website\"},\"primaryImageOfPage\":{\"@id\":\"https:\\\/\\\/tiszacsege.hu\\\/?page_id=2324#primaryimage\"},\"image\":{\"@id\":\"https:\\\/\\\/tiszacsege.hu\\\/?page_id=2324#primaryimage\"},\"thumbnailUrl\":\"http:\\\/\\\/tiszacsege.hu\\\/wp-content\\\/uploads\\\/2013\\\/04\\\/TRTmod_Kozpont_fejlesztes_Tiszacsege_2009.bmp\",\"datePublished\":\"2013-04-22T06:36:37+00:00\",\"dateModified\":\"2024-09-27T10:05:09+00:00\",\"breadcrumb\":{\"@id\":\"https:\\\/\\\/tiszacsege.hu\\\/?page_id=2324#breadcrumb\"},\"inLanguage\":\"hu\",\"potentialAction\":[{\"@type\":\"ReadAction\",\"target\":[\"https:\\\/\\\/tiszacsege.hu\\\/?page_id=2324\"]}]},{\"@type\":\"ImageObject\",\"inLanguage\":\"hu\",\"@id\":\"https:\\\/\\\/tiszacsege.hu\\\/?page_id=2324#primaryimage\",\"url\":\"https:\\\/\\\/tiszacsege.hu\\\/wp-content\\\/uploads\\\/2013\\\/04\\\/TRTmod_Kozpont_fejlesztes_Tiszacsege_2009.bmp\",\"contentUrl\":\"https:\\\/\\\/tiszacsege.hu\\\/wp-content\\\/uploads\\\/2013\\\/04\\\/TRTmod_Kozpont_fejlesztes_Tiszacsege_2009.bmp\"},{\"@type\":\"BreadcrumbList\",\"@id\":\"https:\\\/\\\/tiszacsege.hu\\\/?page_id=2324#breadcrumb\",\"itemListElement\":[{\"@type\":\"ListItem\",\"position\":1,\"name\":\"Kezd\u0151lap\",\"item\":\"https:\\\/\\\/tiszacsege.hu\\\/\"},{\"@type\":\"ListItem\",\"position\":2,\"name\":\"Rendez\u00e9si terv\"}]},{\"@type\":\"WebSite\",\"@id\":\"https:\\\/\\\/tiszacsege.hu\\\/#website\",\"url\":\"https:\\\/\\\/tiszacsege.hu\\\/\",\"name\":\"Tiszacsege\",\"description\":\"Tiszacsege hivatalos honlapja\",\"publisher\":{\"@id\":\"https:\\\/\\\/tiszacsege.hu\\\/#organization\"},\"potentialAction\":[{\"@type\":\"SearchAction\",\"target\":{\"@type\":\"EntryPoint\",\"urlTemplate\":\"https:\\\/\\\/tiszacsege.hu\\\/?s={search_term_string}\"},\"query-input\":{\"@type\":\"PropertyValueSpecification\",\"valueRequired\":true,\"valueName\":\"search_term_string\"}}],\"inLanguage\":\"hu\"},{\"@type\":\"Organization\",\"@id\":\"https:\\\/\\\/tiszacsege.hu\\\/#organization\",\"name\":\"Tiszacsege\",\"url\":\"https:\\\/\\\/tiszacsege.hu\\\/\",\"logo\":{\"@type\":\"ImageObject\",\"inLanguage\":\"hu\",\"@id\":\"https:\\\/\\\/tiszacsege.hu\\\/#\\\/schema\\\/logo\\\/image\\\/\",\"url\":\"https:\\\/\\\/tiszacsege.hu\\\/wp-content\\\/uploads\\\/2020\\\/10\\\/tiszacsege_logo_rovid2-1.png\",\"contentUrl\":\"https:\\\/\\\/tiszacsege.hu\\\/wp-content\\\/uploads\\\/2020\\\/10\\\/tiszacsege_logo_rovid2-1.png\",\"width\":500,\"height\":150,\"caption\":\"Tiszacsege\"},\"image\":{\"@id\":\"https:\\\/\\\/tiszacsege.hu\\\/#\\\/schema\\\/logo\\\/image\\\/\"},\"sameAs\":[\"https:\\\/\\\/www.facebook.com\\\/tiszacsegeonkormanyzata\"]}]}<\/script>\n<!-- \/ Yoast SEO plugin. -->","yoast_head_json":{"title":"Rendez\u00e9si terv","robots":{"index":"index","follow":"follow","max-snippet":"max-snippet:-1","max-image-preview":"max-image-preview:large","max-video-preview":"max-video-preview:-1"},"canonical":"https:\/\/tiszacsege.hu\/?page_id=2324","og_locale":"hu_HU","og_type":"article","og_title":"Rendez\u00e9si terv","og_description":"TISZACSEGE V\u00c1ROSK\u00d6ZPONT&nbsp;SZAB\u00c1LYOZ\u00c1SI \u00c9S FEJLESZT\u00c9SI TERV&nbsp;&#8211; TELEP\u00dcL\u00c9SRENDEZ\u00c9SI TERV 2009. \u00c9VI M\u00d3DOS\u00cdT\u00c1SA &#8222;2000. j\u00falius 1.-\u00e9n Tiszacsege v\u00e1rosi rangot kapott, mely \u00faj feladatokat is jelentett a telep\u00fcl\u00e9s sz\u00e1m\u00e1ra. Telep\u00fcl\u00e9srendez\u00e9si terv\u00e9t, benne a v\u00e1rosk\u00f6zpont ter\u00fclet\u00e9t is tartalmaz\u00f3 szab\u00e1lyoz\u00e1si tervet, Helyi \u00e9p\u00edt\u00e9si szab\u00e1lyzatot 2001 \u00e9vben \u00f6nkorm\u00e1nyzati rendelettel hagyt\u00e1k j\u00f3v\u00e1. A v\u00e1rosnak elfogadott Helyi \u00e9rt\u00e9kv\u00e9delmi rendelete van. Az \u00e9p\u00edtett k\u00f6rnyezet \u00e9rt\u00e9keit [&hellip;]","og_url":"https:\/\/tiszacsege.hu\/?page_id=2324","og_site_name":"Tiszacsege","article_publisher":"https:\/\/www.facebook.com\/tiszacsegeonkormanyzata","article_modified_time":"2024-09-27T10:05:09+00:00","og_image":[{"url":"http:\/\/tiszacsege.hu\/wp-content\/uploads\/2013\/04\/TRTmod_Kozpont_fejlesztes_Tiszacsege_2009.bmp","type":"","width":"","height":""}],"twitter_card":"summary_large_image","schema":{"@context":"https:\/\/schema.org","@graph":[{"@type":"WebPage","@id":"https:\/\/tiszacsege.hu\/?page_id=2324","url":"https:\/\/tiszacsege.hu\/?page_id=2324","name":"Rendez\u00e9si terv","isPartOf":{"@id":"https:\/\/tiszacsege.hu\/#website"},"primaryImageOfPage":{"@id":"https:\/\/tiszacsege.hu\/?page_id=2324#primaryimage"},"image":{"@id":"https:\/\/tiszacsege.hu\/?page_id=2324#primaryimage"},"thumbnailUrl":"http:\/\/tiszacsege.hu\/wp-content\/uploads\/2013\/04\/TRTmod_Kozpont_fejlesztes_Tiszacsege_2009.bmp","datePublished":"2013-04-22T06:36:37+00:00","dateModified":"2024-09-27T10:05:09+00:00","breadcrumb":{"@id":"https:\/\/tiszacsege.hu\/?page_id=2324#breadcrumb"},"inLanguage":"hu","potentialAction":[{"@type":"ReadAction","target":["https:\/\/tiszacsege.hu\/?page_id=2324"]}]},{"@type":"ImageObject","inLanguage":"hu","@id":"https:\/\/tiszacsege.hu\/?page_id=2324#primaryimage","url":"https:\/\/tiszacsege.hu\/wp-content\/uploads\/2013\/04\/TRTmod_Kozpont_fejlesztes_Tiszacsege_2009.bmp","contentUrl":"https:\/\/tiszacsege.hu\/wp-content\/uploads\/2013\/04\/TRTmod_Kozpont_fejlesztes_Tiszacsege_2009.bmp"},{"@type":"BreadcrumbList","@id":"https:\/\/tiszacsege.hu\/?page_id=2324#breadcrumb","itemListElement":[{"@type":"ListItem","position":1,"name":"Kezd\u0151lap","item":"https:\/\/tiszacsege.hu\/"},{"@type":"ListItem","position":2,"name":"Rendez\u00e9si terv"}]},{"@type":"WebSite","@id":"https:\/\/tiszacsege.hu\/#website","url":"https:\/\/tiszacsege.hu\/","name":"Tiszacsege","description":"Tiszacsege hivatalos honlapja","publisher":{"@id":"https:\/\/tiszacsege.hu\/#organization"},"potentialAction":[{"@type":"SearchAction","target":{"@type":"EntryPoint","urlTemplate":"https:\/\/tiszacsege.hu\/?s={search_term_string}"},"query-input":{"@type":"PropertyValueSpecification","valueRequired":true,"valueName":"search_term_string"}}],"inLanguage":"hu"},{"@type":"Organization","@id":"https:\/\/tiszacsege.hu\/#organization","name":"Tiszacsege","url":"https:\/\/tiszacsege.hu\/","logo":{"@type":"ImageObject","inLanguage":"hu","@id":"https:\/\/tiszacsege.hu\/#\/schema\/logo\/image\/","url":"https:\/\/tiszacsege.hu\/wp-content\/uploads\/2020\/10\/tiszacsege_logo_rovid2-1.png","contentUrl":"https:\/\/tiszacsege.hu\/wp-content\/uploads\/2020\/10\/tiszacsege_logo_rovid2-1.png","width":500,"height":150,"caption":"Tiszacsege"},"image":{"@id":"https:\/\/tiszacsege.hu\/#\/schema\/logo\/image\/"},"sameAs":["https:\/\/www.facebook.com\/tiszacsegeonkormanyzata"]}]}},"_links":{"self":[{"href":"https:\/\/tiszacsege.hu\/index.php?rest_route=\/wp\/v2\/pages\/2324","targetHints":{"allow":["GET"]}}],"collection":[{"href":"https:\/\/tiszacsege.hu\/index.php?rest_route=\/wp\/v2\/pages"}],"about":[{"href":"https:\/\/tiszacsege.hu\/index.php?rest_route=\/wp\/v2\/types\/page"}],"author":[{"embeddable":true,"href":"https:\/\/tiszacsege.hu\/index.php?rest_route=\/wp\/v2\/users\/1"}],"replies":[{"embeddable":true,"href":"https:\/\/tiszacsege.hu\/index.php?rest_route=%2Fwp%2Fv2%2Fcomments&post=2324"}],"version-history":[{"count":12,"href":"https:\/\/tiszacsege.hu\/index.php?rest_route=\/wp\/v2\/pages\/2324\/revisions"}],"predecessor-version":[{"id":25574,"href":"https:\/\/tiszacsege.hu\/index.php?rest_route=\/wp\/v2\/pages\/2324\/revisions\/25574"}],"wp:attachment":[{"href":"https:\/\/tiszacsege.hu\/index.php?rest_route=%2Fwp%2Fv2%2Fmedia&parent=2324"}],"wp:term":[{"taxonomy":"folder","embeddable":true,"href":"https:\/\/tiszacsege.hu\/index.php?rest_route=%2Fwp%2Fv2%2Ffolder&post=2324"}],"curies":[{"name":"wp","href":"https:\/\/api.w.org\/{rel}","templated":true}]}}