{"id":30,"date":"2012-10-05T15:00:10","date_gmt":"2012-10-05T13:00:10","guid":{"rendered":"http:\/\/localhost\/tiszacsege.hu\/?page_id=30"},"modified":"2020-11-06T20:00:46","modified_gmt":"2020-11-06T19:00:46","slug":"turisztika","status":"publish","type":"page","link":"https:\/\/tiszacsege.hu\/?page_id=30","title":{"rendered":"TURISZTIKAI AJ\u00c1NL\u00d3"},"content":{"rendered":"\n<h2 class=\"has-text-color wp-block-heading\" style=\"color:#395074\">PIHEN\u00c9S, KIKAPCSOL\u00d3D\u00c1S, SZ\u00d3RAKOZ\u00c1S<\/h2>\n\n\n\n<p class=\"wp-block-paragraph\">Tiszacsege, a Hortob\u00e1gy \u201ekapuja\u201d Kelet-Magyarorsz\u00e1gon, Hajd\u00fa-Bihar megy\u00e9ben tal\u00e1lhat\u00f3, s mintegy 4790 f\u0151 lakoss\u00e1ggal rendelkezik. A lakoss\u00e1g mindig is szorosan k\u00f6t\u0151d\u00f6tt Hortob\u00e1gyhoz, mind az \u00e1llattart\u00e1s, mind a f\u00f6ldm\u0171vel\u00e9s \u00e9s a h\u00e9tk\u00f6znapi \u00e9let kapcs\u00e1n. A Tisza \u00e9s a Puszta k\u00f6zels\u00e9ge alak\u00edtotta az emberek \u00e9let\u00e9t, s mind a mai napig sokan meg\u00e9lnek ezekb\u0151l az \u0151si foglalkoz\u00e1sokb\u00f3l. Tiszacsege m\u00e1ra a kikapcsol\u00f3d\u00e1si lehet\u0151s\u00e9gek sz\u00ednter\u00e9v\u00e9 is v\u00e1lt.<\/p>\n\n\n\n<p class=\"wp-block-paragraph\">V\u00e1rosunk a Tisza-part ment\u00e9n helyezkedik el, ahol sz\u00e1mos lehet\u0151s\u00e9get k\u00edn\u00e1lunk az ide l\u00e1togat\u00f3knak, illetve azoknak, akik itt k\u00edv\u00e1nj\u00e1k le\u00e9lni \u00e9let\u00fcket.&nbsp;A Tisza-parton \u00e9s a k\u00f6zel\u00e9ben tal\u00e1lhat\u00f3 Term\u00e1l strandon, tavasszal, ny\u00e1ron, \u0151sszel \u00e9s t\u00e9len is \u00e9lvezhetik szabadidej\u00fcket. A foly\u00f3n, \u00c1rokt\u0151 fel\u00e9 eg\u00e9sz \u00e9vben k\u00f6zleked\u0151 komp seg\u00edti a k\u00f6zleked\u00e9st, \u00edgy a Tisza t\u00falpartj\u00e1r\u00f3l is k\u00f6nnyen megk\u00f6zel\u00edthet\u0151 v\u00e1rosunk.&nbsp;Tiszacsege ki\u00e9p\u00edtett g\u00e1tja rendk\u00edv\u00fcl korszer\u0171, nem csak a tiszai \u00e1rad\u00e1s szempontj\u00e1b\u00f3l hat\u00e9kony, de aszfaltozott fel\u00fclete nagyszer\u0171 lehet\u0151s\u00e9g a t\u00far\u00e1z\u00f3knak, bicikliseknek a kir\u00e1ndul\u00e1sra. A g\u00e1ton eg\u00e9szen Tiszaf\u00fcreden \u00e1t Ab\u00e1dszal\u00f3kig aszfaltozott \u00faton t\u00f6rt\u00e9nik a k\u00f6zleked\u00e9s. A tiszai \u00e9l\u0151vil\u00e1g \u00e9s a term\u00e9szet k\u00f6zels\u00e9ge itt k\u00e9zzel tapinthat\u00f3.<\/p>\n\n\n\n<div style=\"height:26px\" aria-hidden=\"true\" class=\"wp-block-spacer\"><\/div>\n\n\n\n<h2 class=\"has-text-color wp-block-heading\" style=\"color:#34525f\">M\u0171eml\u00e9kek, t\u00e1jh\u00e1z, m\u00fazeum, l\u00e1tnival\u00f3k<\/h2>\n\n\n\n<hr class=\"wp-block-separator\"\/>\n\n\n\n<div class=\"wp-block-columns is-layout-flex wp-container-core-columns-is-layout-8f761849 wp-block-columns-is-layout-flex\">\n<div class=\"wp-block-column is-layout-flow wp-block-column-is-layout-flow\">\n<div class=\"wp-block-columns is-layout-flex wp-container-core-columns-is-layout-8f761849 wp-block-columns-is-layout-flex\">\n<div class=\"wp-block-column is-layout-flow wp-block-column-is-layout-flow\">\n<figure class=\"wp-block-image size-large is-resized\"><img fetchpriority=\"high\" decoding=\"async\" src=\"https:\/\/tiszacsege.hu\/wp-content\/uploads\/2020\/10\/reftemplom_kicsi-1280x854.jpg\" alt=\"\" class=\"wp-image-16263\" width=\"320\" height=\"200\"\/><figcaption><strong>Reform\u00e1tus templom<\/strong><\/figcaption><\/figure>\n<\/div>\n\n\n\n<div class=\"wp-block-column is-layout-flow wp-block-column-is-layout-flow\">\n<p class=\"has-small-font-size wp-block-paragraph\">A v\u00e1ros els\u0151 k\u0151\u00e9p\u00fclete a reform\u00e1tus templom. A 14. vagy a 15. sz\u00e1zadban, g\u00f3tikus st\u00edlusban k\u00e9sz\u00fclt. Az eredeti templomra L\u00e1z\u00e1r de\u00e1k \u00e1ltal a moh\u00e1csi v\u00e9sz el\u0151tt k\u00e9sz\u00edtett, de csak 1528-ban k\u00f6zreadott t\u00e9rk\u00e9p\u00e9b\u0151l lehet k\u00f6vetkeztetni: ezen a templomot er\u0151d\u00edtett, b\u00e1sty\u00e1val k\u00f6r\u00fclvett, l\u0151r\u00e9ses torny\u00fa, mellv\u00e9des \u00e9p\u00fcletk\u00e9nt \u00e1br\u00e1zolja. A templomer\u0151d a lakoss\u00e1g oltalmaz\u00e1s\u00e1ra is szolg\u00e1lt. Egy 1461-ben kelt oklev\u00e9l is erre utal, amikor \u201cvici Chastel\u201d, azaz el\u0151-v\u00e1rk\u00e9nt, v\u00e1rszer\u0171 \u00e9p\u00edtm\u00e9nyk\u00e9nt nevezi meg a templomot. 1596-ban a k\u00f6rny\u00e9ken nagy puszt\u00edt\u00e1st v\u00e9ghezviv\u0151, t\u00f6r\u00f6k\u00f6kkel sz\u00f6vets\u00e9ges kr\u00edmi tat\u00e1rok rombolt\u00e1k le. 1621 t\u00e1j\u00e1n \u00e9p\u00edtett\u00e9k \u00fajj\u00e1. A leomlott torony hely\u00e9be f\u00e1b\u00f3l emeltek harangl\u00e1bat.<\/p>\n<\/div>\n<\/div>\n<\/div>\n\n\n\n<div class=\"wp-block-column is-layout-flow wp-block-column-is-layout-flow\">\n<div class=\"wp-block-columns is-layout-flex wp-container-core-columns-is-layout-8f761849 wp-block-columns-is-layout-flex\">\n<div class=\"wp-block-column is-layout-flow wp-block-column-is-layout-flow\">\n<figure class=\"wp-block-image size-large is-resized\"><img decoding=\"async\" src=\"https:\/\/tiszacsege.hu\/wp-content\/uploads\/2020\/10\/tuzeloso564l-1280x636.jpg\" alt=\"\" class=\"wp-image-16266\" width=\"320\" height=\"200\"\/><figcaption><strong>T\u00fczel\u0151s-\u00f3l<\/strong><\/figcaption><\/figure>\n<\/div>\n\n\n\n<div class=\"wp-block-column is-layout-flow wp-block-column-is-layout-flow\">\n<p class=\"has-small-font-size wp-block-paragraph\">A v\u00e1ros telep\u00fcl\u00e9sn\u00e9prajzi k\u00fcl\u00f6nlegess\u00e9ge a k\u00e9tbeltelkess\u00e9g. Ennek l\u00e9nyege, hogy a lak\u00f3h\u00e1z csoportja a m\u00falt sz\u00e1zad k\u00f6zep\u00e9ig elk\u00fcl\u00f6n\u00fclt a gazdas\u00e1gi udvar szerep\u00e9t bet\u00f6lt\u0151 \u00fagynevezett sz\u00e1ll\u00e1skertekt\u0151l, amelyek k\u00fcls\u0151 gy\u0171r\u0171k\u00e9nt \u00f6vezt\u00e9k a bels\u0151 magban \u00e9p\u00fclt lak\u00f3h\u00e1zakat. A XVIII. sz\u00e1zadban a T\u00fczel\u0151s-\u00f3l a sz\u00e1ll\u00e1skert r\u00e9sze volt. A csegei paraszts\u00e1g ezekben az \u00f3lakban tartotta a j\u00f3sz\u00e1g\u00e1llom\u00e1nyt, mely f\u0151leg szarvasmarh\u00e1kb\u00f3l \u00e1llt. Ezek az \u00f3lak meglehet\u0151sen primit\u00edvek voltak. T\u00f6bbs\u00e9g\u00fck n\u00e1d vagy vessz\u0151fonatos falazattal k\u00e9sz\u00fclt. A teteje bog\u00e1rh\u00e1t\u00fa, szalm\u00e1val \u00e9s gazzal fedett, f\u00f6lddel megh\u00e1nyott volt.<\/p>\n<\/div>\n<\/div>\n<\/div>\n<\/div>\n\n\n\n<div class=\"wp-block-columns is-layout-flex wp-container-core-columns-is-layout-8f761849 wp-block-columns-is-layout-flex\">\n<div class=\"wp-block-column is-layout-flow wp-block-column-is-layout-flow\">\n<div class=\"wp-block-columns is-layout-flex wp-container-core-columns-is-layout-8f761849 wp-block-columns-is-layout-flex\">\n<div class=\"wp-block-column is-layout-flow wp-block-column-is-layout-flow\">\n<figure class=\"wp-block-image size-large is-resized\"><img decoding=\"async\" src=\"https:\/\/tiszacsege.hu\/wp-content\/uploads\/2020\/10\/DSC4171-1280x856.jpg\" alt=\"\" class=\"wp-image-16292\" width=\"320\" height=\"200\"\/><figcaption><strong>Zsell\u00e9rh\u00e1z m\u00fazeum<\/strong><\/figcaption><\/figure>\n<\/div>\n\n\n\n<div class=\"wp-block-column is-layout-flow wp-block-column-is-layout-flow\">\n<p class=\"has-small-font-size wp-block-paragraph\">1883-ban \u00e9p\u00fclt M\u00fazeumh\u00e1z az alf\u00f6ldi vagy k\u00f6z\u00e9p-magyar h\u00e1zt\u00edpust reprezent\u00e1lja. Az \u00d3voda utca 26. sz\u00e1m alatti zsell\u00e9rh\u00e1z a XIX. sz\u00e1zad v\u00e9gi paraszti \u00e9letm\u00f3d eml\u00e9keit mutatja be \u00e1lland\u00f3 ki\u00e1ll\u00edt\u00e1si jelleggel. A h\u00e1zat a hajdani tulajdonosa, a Ferge-csal\u00e1d \u00e9p\u00edtette. Az \u00e9p\u00fclet feh\u00e9rre meszelt v\u00e1lyogfal\u00fa, n\u00e1dtet\u0151vel fedett. A h\u00e1rmas t\u00e9rbeoszt\u00e1s\u00fa jobb\u00e1gyh\u00e1z pitvar\u00e1ba bel\u00e9pve a konyh\u00e1val tal\u00e1ljuk szembe magunkat.&nbsp;A szob\u00e1ban tal\u00e1lhat\u00f3 az eredeti \u00e1llapot\u00e1ban megl\u00e9v\u0151 b\u00faboskemence, amelyet a konyh\u00e1b\u00f3l lehetett f\u0171teni. A pitvar m\u00e1sik oldal\u00e1n, pedig a kamra helyezkedik el. A M\u00fazeumh\u00e1z konyhai berendez\u00e9se Tiszaf\u00fcred \u00e9s Mez\u0151cs\u00e1t fazekas m\u0171helyeiben k\u00e9sz\u00fclt cser\u00e9ped\u00e9nyekb\u0151l, ev\u0151eszk\u00f6z\u00f6kb\u0151l \u00e9s k\u00fcl\u00f6nb\u00f6z\u0151 haszn\u00e1lati t\u00e1rgyakb\u00f3l \u00e1llnak. A hagyom\u00e1nyos paraszti \u00e9letrend szerint az asszonyok helye a kemence \u00e9s a kandall\u00f3 k\u00f6r\u00fcl volt, a f\u00e9rfiak, pedig a sarokl\u00f3c\u00e1n \u00fclve \u00e9tkeztek, tany\u00e1ztak. A vend\u00e9geket a nyoszolya el\u0151tti karossz\u00e9kbe \u00fcltett\u00e9k. A tiszacsegei Zsell\u00e9rh\u00e1zat n\u00e9pi \u00e9p\u00edt\u00e9szeti m\u0171eml\u00e9kk\u00e9 1963-ban nyilv\u00e1n\u00edtott\u00e1k.<\/p>\n<\/div>\n<\/div>\n<\/div>\n\n\n\n<div class=\"wp-block-column is-layout-flow wp-block-column-is-layout-flow\">\n<div class=\"wp-block-columns is-layout-flex wp-container-core-columns-is-layout-8f761849 wp-block-columns-is-layout-flex\">\n<div class=\"wp-block-column is-layout-flow wp-block-column-is-layout-flow\">\n<figure class=\"wp-block-image size-large is-resized\"><img loading=\"lazy\" decoding=\"async\" src=\"https:\/\/tiszacsege.hu\/wp-content\/uploads\/2020\/10\/120376777_1011440365950843_2236726817738371930_o-1280x715.jpg\" alt=\"\" class=\"wp-image-16297\" width=\"320\" height=\"200\"\/><figcaption><strong>K\u00e1csa sziget<\/strong><\/figcaption><\/figure>\n<\/div>\n\n\n\n<div class=\"wp-block-column is-layout-flow wp-block-column-is-layout-flow\">\n<p class=\"has-small-font-size wp-block-paragraph\">A K\u00e1csa-szigetet a Holt-Tisza fogja k\u00f6zre. Ez a fokozottan v\u00e9dett t\u00e1j, a k\u00f6rny\u00e9ken egyed\u00fcl\u00e1ll\u00f3 \u0151s\u00e1llapot\u00e1val val\u00f3s\u00e1gos bioszf\u00e9ra-rezerv\u00e1tum, melyhez hasonl\u00f3 sem haz\u00e1nkban, sem Eur\u00f3p\u00e1ban nem tal\u00e1lhat\u00f3.<\/p>\n\n\n\n<p class=\"has-small-font-size wp-block-paragraph\">Miskafoki holt\u00e1g, amelynek teljes ter\u00fclete 30 hekt\u00e1r, hossza 4 \u00e9s f\u00e9l kilom\u00e9ter.<\/p>\n<\/div>\n<\/div>\n<\/div>\n<\/div>\n\n\n\n<hr class=\"wp-block-separator\"\/>\n\n\n\n<div class=\"wp-block-columns is-layout-flex wp-container-core-columns-is-layout-8f761849 wp-block-columns-is-layout-flex\">\n<div class=\"wp-block-column is-layout-flow wp-block-column-is-layout-flow\">\n<h2 class=\"has-text-align-center has-black-color has-text-color wp-block-heading\">A Tiszacsegei Hal\u00e1szcs\u00e1rda<\/h2>\n\n\n\n<div class=\"wp-block-image\"><figure class=\"aligncenter size-large is-resized\"><img loading=\"lazy\" decoding=\"async\" src=\"http:\/\/tiszacsege.hu\/wp-content\/uploads\/2020\/10\/DSC4675-1280x857.jpg\" alt=\"\" width=\"350\" height=\"200\"\/><\/figure><\/div>\n\n\n\n<p class=\"wp-block-paragraph\">A hal\u00e1szcs\u00e1rda az 1900-as \u00e9vek elej\u00e9n \u00e9p\u00fclt jelenlegi hely\u00e9n a Tisza parton. Az egykori f\u00f6ldes\u00far l\u00e1tott nagy fant\u00e1zi\u00e1t a komppal \u00e1tkel\u0151 \u00e9s arra v\u00e1rakoz\u00f3 emberek megvend\u00e9gel\u00e9s\u00e9ben. A Tisz\u00e1n t\u00e9nyked\u0151 hal\u00e1szokt\u00f3l v\u00e1s\u00e1rolt \u00e1lland\u00f3an friss halakb\u00f3l k\u00e9sz\u00edtett \u00e9teleknek nagyon hamar h\u00edre ment, \u00e9s gyorsan sikert arattak. Elterjedt a cs\u00e1rda vend\u00e9gszeret\u0151 kiszolg\u00e1l\u00e1s\u00e1nak is a h\u00edre, \u00e9s ezek ut\u00e1n m\u00e1r nem csak a komp miatt oda\u00e9rkez\u0151k j\u00e1rtak a cs\u00e1rd\u00e1ba, hanem m\u00e1s vid\u00e9kekr\u0151l is ideutaztak az \u00e9teleket meg\u00edzlelni, \u00e9s egy j\u00f3t s\u00e9t\u00e1lni a Tisza partj\u00e1n.<\/p>\n\n\n\n<p class=\"wp-block-paragraph\">A messze f\u00f6ld\u00f6n h\u00edres vegyes \u00e9s&nbsp;<strong>korhely hal\u00e1szl\u00e9, h\u00e1zi f\u00fcst\u00f6lt harcsa, haltepert\u0151, olajos hal<\/strong>&nbsp;\u00e9s a sz\u00e1mos m\u00e1s finoms\u00e1g egyedi recept\u00fara alapj\u00e1n k\u00e9sz\u00fclnek. A k\u00f6zhiedelemt\u0151l elt\u00e9r\u0151en a n\u00e1lunk kaphat\u00f3 fil\u00e9zett hal\u00e9telek egyt\u0151l egyig sz\u00e1lkamentesek! 2012-ben a Magyar Konyha gasztro magazin a legjobb tiszai hal\u00e1szcs\u00e1rd\u00e1nak v\u00e1lasztotta meg az \u00e9ttermet.<\/p>\n\n\n\n<p class=\"wp-block-paragraph\">Rem\u00e9lj\u00fck hamarosan \u00d6nt is megvend\u00e9gelhetj\u00fck egy finom csegei hal\u00e9tellel!<\/p>\n\n\n\n<p class=\"wp-block-paragraph\">Bar\u00e1ti \u00fcdv\u00f6zlettel: Szalai J\u00e1nos \u201cDuda\u201d<\/p>\n\n\n\n<p class=\"wp-block-paragraph\"><a href=\"https:\/\/csegecsarda.hu\/\">csegecsarda.hu<\/a><\/p>\n<\/div>\n\n\n\n<div class=\"wp-block-column is-layout-flow wp-block-column-is-layout-flow\">\n<h2 class=\"has-text-align-center has-black-color has-text-color wp-block-heading\">Nyaral\u00f3haj\u00f3z\u00e1s a Tisz\u00e1n<\/h2>\n\n\n\n<div class=\"wp-block-image\"><figure class=\"aligncenter size-large is-resized\"><img loading=\"lazy\" decoding=\"async\" src=\"http:\/\/tiszacsege.hu\/wp-content\/uploads\/2020\/10\/IMG_20200905_115725-1280x720.jpg\" alt=\"\" width=\"350\" height=\"200\"\/><\/figure><\/div>\n\n\n\n<p class=\"wp-block-paragraph\"><strong>TISZA-T\u00d3-t\u00f3l Tiszacseg\u00e9ig<br><\/strong>Magyarorsz\u00e1g m\u00e1sodik legnagyobb tava, a 45 \u00e9ve l\u00e9trehozott Tisza-t\u00f3. K\u00fcl\u00f6nleges, vadreg\u00e9nyes szakasza ez a Tisz\u00e1nak, ami mind \u00e9l\u0151vil\u00e1g\u00e1ban, mind v\u00edzrajz\u00e1ban nagyon hasonl\u00edt a Tisza szab\u00e1lyoz\u00e1sa el\u0151tti \u00e1llapot\u00e1ra.\u00a0<\/p>\n\n\n\n<p class=\"wp-block-paragraph\">A var\u00e1zslatos Tisza-t\u00f3, a Hortob\u00e1gyi Nemzeti Park r\u00e9sze. Mes\u00e9be ill\u0151 t\u00e1jaival rengeteg izgalmas lehet\u0151s\u00e9get tartogat azok sz\u00e1m\u00e1ra, akik szeretn\u00e9k megismerni ezt a k\u00fcl\u00f6nleges, mesters\u00e9gesen kialak\u00edtott, m\u00e9gis saj\u00e1t \u00f6kosziszt\u00e9m\u00e1val rendelkez\u0151 k\u00f6rnyezetet.&nbsp;<\/p>\n\n\n\n<p class=\"wp-block-paragraph\">Kisk\u00f6re a nyaral\u00f3haj\u00f3k d\u00e9li b\u00e1ziskik\u00f6t\u0151je, ett\u0151l a pontt\u00f3l egyel\u0151re csak \u00e9szak fel\u00e9 haj\u00f3zhatunk a Tisz\u00e1n. A tiszal\u00f6ki v\u00edzl\u00e9pcs\u0151ig p\u00e9ld\u00e1ul 27 kilom\u00e9teren kereszt\u00fcl csod\u00e1lhatjuk a Tisza-t\u00f3 fens\u00e9ges l\u00e1tk\u00e9p\u00e9t<\/p>\n<\/div>\n\n\n\n<div class=\"wp-block-column is-layout-flow wp-block-column-is-layout-flow\">\n<h2 class=\"has-text-align-center has-black-color has-text-color wp-block-heading\">Ker\u00e9kp\u00e1roz\u00e1s a Tisza-t\u00f3hoz<\/h2>\n\n\n\n<div class=\"wp-block-image\"><figure class=\"aligncenter size-large is-resized\"><img loading=\"lazy\" decoding=\"async\" src=\"http:\/\/tiszacsege.hu\/wp-content\/uploads\/2020\/10\/unnamed-4-1280x932.jpg\" alt=\"\" width=\"350\" height=\"200\"\/><\/figure><\/div>\n\n\n\n<p class=\"wp-block-paragraph\">Akik a biciklis kalandok\u00e9rt rajonganak, a t\u00f3 \u00e9s a Tisza partj\u00e1n a mintegy 90 kilom\u00e9ter hossz\u00fa ker\u00e9kp\u00e1r\u00fat szakaszain, partr\u00f3l is \u00e9lvezhetik a Tisza-t\u00f3 \u00e9s a Tisza csod\u00e1s k\u00f6rnyezet\u00e9t.<\/p>\n<\/div>\n<\/div>\n\n\n\n<p class=\"wp-block-paragraph\"><\/p>\n","protected":false},"excerpt":{"rendered":"<p>PIHEN\u00c9S, KIKAPCSOL\u00d3D\u00c1S, SZ\u00d3RAKOZ\u00c1S Tiszacsege, a Hortob\u00e1gy \u201ekapuja\u201d Kelet-Magyarorsz\u00e1gon, Hajd\u00fa-Bihar megy\u00e9ben tal\u00e1lhat\u00f3, s mintegy 4790 f\u0151 lakoss\u00e1ggal rendelkezik. A lakoss\u00e1g mindig is szorosan k\u00f6t\u0151d\u00f6tt Hortob\u00e1gyhoz, mind az \u00e1llattart\u00e1s, mind a f\u00f6ldm\u0171vel\u00e9s \u00e9s a h\u00e9tk\u00f6znapi \u00e9let kapcs\u00e1n. A Tisza \u00e9s a Puszta k\u00f6zels\u00e9ge alak\u00edtotta az emberek \u00e9let\u00e9t, s mind a mai napig sokan meg\u00e9lnek ezekb\u0151l az \u0151si [&hellip;]<\/p>\n","protected":false},"author":1,"featured_media":0,"parent":0,"menu_order":3,"comment_status":"closed","ping_status":"closed","template":"","meta":{"_editorskit_title_hidden":false,"_editorskit_reading_time":0,"_editorskit_is_block_options_detached":false,"_editorskit_block_options_position":"{}","_crdt_document":"","footnotes":""},"folder":[],"class_list":["post-30","page","type-page","status-publish","hentry"],"yoast_head":"<!-- This site is optimized with the Yoast SEO plugin v27.4 - https:\/\/yoast.com\/product\/yoast-seo-wordpress\/ -->\n<title>TURISZTIKAI AJ\u00c1NL\u00d3<\/title>\n<meta name=\"robots\" content=\"index, follow, max-snippet:-1, max-image-preview:large, max-video-preview:-1\" \/>\n<link rel=\"canonical\" href=\"https:\/\/tiszacsege.hu\/?page_id=30\" \/>\n<meta property=\"og:locale\" content=\"hu_HU\" \/>\n<meta property=\"og:type\" content=\"article\" \/>\n<meta property=\"og:title\" content=\"TURISZTIKAI AJ\u00c1NL\u00d3\" \/>\n<meta property=\"og:description\" content=\"PIHEN\u00c9S, KIKAPCSOL\u00d3D\u00c1S, SZ\u00d3RAKOZ\u00c1S Tiszacsege, a Hortob\u00e1gy \u201ekapuja\u201d Kelet-Magyarorsz\u00e1gon, Hajd\u00fa-Bihar megy\u00e9ben tal\u00e1lhat\u00f3, s mintegy 4790 f\u0151 lakoss\u00e1ggal rendelkezik. A lakoss\u00e1g mindig is szorosan k\u00f6t\u0151d\u00f6tt Hortob\u00e1gyhoz, mind az \u00e1llattart\u00e1s, mind a f\u00f6ldm\u0171vel\u00e9s \u00e9s a h\u00e9tk\u00f6znapi \u00e9let kapcs\u00e1n. A Tisza \u00e9s a Puszta k\u00f6zels\u00e9ge alak\u00edtotta az emberek \u00e9let\u00e9t, s mind a mai napig sokan meg\u00e9lnek ezekb\u0151l az \u0151si [&hellip;]\" \/>\n<meta property=\"og:url\" content=\"https:\/\/tiszacsege.hu\/?page_id=30\" \/>\n<meta property=\"og:site_name\" content=\"Tiszacsege\" \/>\n<meta property=\"article:publisher\" content=\"https:\/\/www.facebook.com\/tiszacsegeonkormanyzata\" \/>\n<meta property=\"article:modified_time\" content=\"2020-11-06T19:00:46+00:00\" \/>\n<meta property=\"og:image\" content=\"https:\/\/tiszacsege.hu\/wp-content\/uploads\/2020\/10\/reftemplom_kicsi-1280x854.jpg\" \/>\n<meta name=\"twitter:card\" content=\"summary_large_image\" \/>\n<script type=\"application\/ld+json\" class=\"yoast-schema-graph\">{\"@context\":\"https:\\\/\\\/schema.org\",\"@graph\":[{\"@type\":\"WebPage\",\"@id\":\"https:\\\/\\\/tiszacsege.hu\\\/?page_id=30\",\"url\":\"https:\\\/\\\/tiszacsege.hu\\\/?page_id=30\",\"name\":\"TURISZTIKAI AJ\u00c1NL\u00d3\",\"isPartOf\":{\"@id\":\"https:\\\/\\\/tiszacsege.hu\\\/#website\"},\"primaryImageOfPage\":{\"@id\":\"https:\\\/\\\/tiszacsege.hu\\\/?page_id=30#primaryimage\"},\"image\":{\"@id\":\"https:\\\/\\\/tiszacsege.hu\\\/?page_id=30#primaryimage\"},\"thumbnailUrl\":\"https:\\\/\\\/tiszacsege.hu\\\/wp-content\\\/uploads\\\/2020\\\/10\\\/reftemplom_kicsi-1280x854.jpg\",\"datePublished\":\"2012-10-05T13:00:10+00:00\",\"dateModified\":\"2020-11-06T19:00:46+00:00\",\"breadcrumb\":{\"@id\":\"https:\\\/\\\/tiszacsege.hu\\\/?page_id=30#breadcrumb\"},\"inLanguage\":\"hu\",\"potentialAction\":[{\"@type\":\"ReadAction\",\"target\":[\"https:\\\/\\\/tiszacsege.hu\\\/?page_id=30\"]}]},{\"@type\":\"ImageObject\",\"inLanguage\":\"hu\",\"@id\":\"https:\\\/\\\/tiszacsege.hu\\\/?page_id=30#primaryimage\",\"url\":\"https:\\\/\\\/tiszacsege.hu\\\/wp-content\\\/uploads\\\/2020\\\/10\\\/reftemplom_kicsi.jpg\",\"contentUrl\":\"https:\\\/\\\/tiszacsege.hu\\\/wp-content\\\/uploads\\\/2020\\\/10\\\/reftemplom_kicsi.jpg\",\"width\":1016,\"height\":678},{\"@type\":\"BreadcrumbList\",\"@id\":\"https:\\\/\\\/tiszacsege.hu\\\/?page_id=30#breadcrumb\",\"itemListElement\":[{\"@type\":\"ListItem\",\"position\":1,\"name\":\"Kezd\u0151lap\",\"item\":\"https:\\\/\\\/tiszacsege.hu\\\/\"},{\"@type\":\"ListItem\",\"position\":2,\"name\":\"TURISZTIKAI AJ\u00c1NL\u00d3\"}]},{\"@type\":\"WebSite\",\"@id\":\"https:\\\/\\\/tiszacsege.hu\\\/#website\",\"url\":\"https:\\\/\\\/tiszacsege.hu\\\/\",\"name\":\"Tiszacsege\",\"description\":\"Tiszacsege hivatalos honlapja\",\"publisher\":{\"@id\":\"https:\\\/\\\/tiszacsege.hu\\\/#organization\"},\"potentialAction\":[{\"@type\":\"SearchAction\",\"target\":{\"@type\":\"EntryPoint\",\"urlTemplate\":\"https:\\\/\\\/tiszacsege.hu\\\/?s={search_term_string}\"},\"query-input\":{\"@type\":\"PropertyValueSpecification\",\"valueRequired\":true,\"valueName\":\"search_term_string\"}}],\"inLanguage\":\"hu\"},{\"@type\":\"Organization\",\"@id\":\"https:\\\/\\\/tiszacsege.hu\\\/#organization\",\"name\":\"Tiszacsege\",\"url\":\"https:\\\/\\\/tiszacsege.hu\\\/\",\"logo\":{\"@type\":\"ImageObject\",\"inLanguage\":\"hu\",\"@id\":\"https:\\\/\\\/tiszacsege.hu\\\/#\\\/schema\\\/logo\\\/image\\\/\",\"url\":\"https:\\\/\\\/tiszacsege.hu\\\/wp-content\\\/uploads\\\/2020\\\/10\\\/tiszacsege_logo_rovid2-1.png\",\"contentUrl\":\"https:\\\/\\\/tiszacsege.hu\\\/wp-content\\\/uploads\\\/2020\\\/10\\\/tiszacsege_logo_rovid2-1.png\",\"width\":500,\"height\":150,\"caption\":\"Tiszacsege\"},\"image\":{\"@id\":\"https:\\\/\\\/tiszacsege.hu\\\/#\\\/schema\\\/logo\\\/image\\\/\"},\"sameAs\":[\"https:\\\/\\\/www.facebook.com\\\/tiszacsegeonkormanyzata\"]}]}<\/script>\n<!-- \/ Yoast SEO plugin. -->","yoast_head_json":{"title":"TURISZTIKAI AJ\u00c1NL\u00d3","robots":{"index":"index","follow":"follow","max-snippet":"max-snippet:-1","max-image-preview":"max-image-preview:large","max-video-preview":"max-video-preview:-1"},"canonical":"https:\/\/tiszacsege.hu\/?page_id=30","og_locale":"hu_HU","og_type":"article","og_title":"TURISZTIKAI AJ\u00c1NL\u00d3","og_description":"PIHEN\u00c9S, KIKAPCSOL\u00d3D\u00c1S, SZ\u00d3RAKOZ\u00c1S Tiszacsege, a Hortob\u00e1gy \u201ekapuja\u201d Kelet-Magyarorsz\u00e1gon, Hajd\u00fa-Bihar megy\u00e9ben tal\u00e1lhat\u00f3, s mintegy 4790 f\u0151 lakoss\u00e1ggal rendelkezik. A lakoss\u00e1g mindig is szorosan k\u00f6t\u0151d\u00f6tt Hortob\u00e1gyhoz, mind az \u00e1llattart\u00e1s, mind a f\u00f6ldm\u0171vel\u00e9s \u00e9s a h\u00e9tk\u00f6znapi \u00e9let kapcs\u00e1n. A Tisza \u00e9s a Puszta k\u00f6zels\u00e9ge alak\u00edtotta az emberek \u00e9let\u00e9t, s mind a mai napig sokan meg\u00e9lnek ezekb\u0151l az \u0151si [&hellip;]","og_url":"https:\/\/tiszacsege.hu\/?page_id=30","og_site_name":"Tiszacsege","article_publisher":"https:\/\/www.facebook.com\/tiszacsegeonkormanyzata","article_modified_time":"2020-11-06T19:00:46+00:00","og_image":[{"url":"https:\/\/tiszacsege.hu\/wp-content\/uploads\/2020\/10\/reftemplom_kicsi-1280x854.jpg","type":"","width":"","height":""}],"twitter_card":"summary_large_image","schema":{"@context":"https:\/\/schema.org","@graph":[{"@type":"WebPage","@id":"https:\/\/tiszacsege.hu\/?page_id=30","url":"https:\/\/tiszacsege.hu\/?page_id=30","name":"TURISZTIKAI AJ\u00c1NL\u00d3","isPartOf":{"@id":"https:\/\/tiszacsege.hu\/#website"},"primaryImageOfPage":{"@id":"https:\/\/tiszacsege.hu\/?page_id=30#primaryimage"},"image":{"@id":"https:\/\/tiszacsege.hu\/?page_id=30#primaryimage"},"thumbnailUrl":"https:\/\/tiszacsege.hu\/wp-content\/uploads\/2020\/10\/reftemplom_kicsi-1280x854.jpg","datePublished":"2012-10-05T13:00:10+00:00","dateModified":"2020-11-06T19:00:46+00:00","breadcrumb":{"@id":"https:\/\/tiszacsege.hu\/?page_id=30#breadcrumb"},"inLanguage":"hu","potentialAction":[{"@type":"ReadAction","target":["https:\/\/tiszacsege.hu\/?page_id=30"]}]},{"@type":"ImageObject","inLanguage":"hu","@id":"https:\/\/tiszacsege.hu\/?page_id=30#primaryimage","url":"https:\/\/tiszacsege.hu\/wp-content\/uploads\/2020\/10\/reftemplom_kicsi.jpg","contentUrl":"https:\/\/tiszacsege.hu\/wp-content\/uploads\/2020\/10\/reftemplom_kicsi.jpg","width":1016,"height":678},{"@type":"BreadcrumbList","@id":"https:\/\/tiszacsege.hu\/?page_id=30#breadcrumb","itemListElement":[{"@type":"ListItem","position":1,"name":"Kezd\u0151lap","item":"https:\/\/tiszacsege.hu\/"},{"@type":"ListItem","position":2,"name":"TURISZTIKAI AJ\u00c1NL\u00d3"}]},{"@type":"WebSite","@id":"https:\/\/tiszacsege.hu\/#website","url":"https:\/\/tiszacsege.hu\/","name":"Tiszacsege","description":"Tiszacsege hivatalos honlapja","publisher":{"@id":"https:\/\/tiszacsege.hu\/#organization"},"potentialAction":[{"@type":"SearchAction","target":{"@type":"EntryPoint","urlTemplate":"https:\/\/tiszacsege.hu\/?s={search_term_string}"},"query-input":{"@type":"PropertyValueSpecification","valueRequired":true,"valueName":"search_term_string"}}],"inLanguage":"hu"},{"@type":"Organization","@id":"https:\/\/tiszacsege.hu\/#organization","name":"Tiszacsege","url":"https:\/\/tiszacsege.hu\/","logo":{"@type":"ImageObject","inLanguage":"hu","@id":"https:\/\/tiszacsege.hu\/#\/schema\/logo\/image\/","url":"https:\/\/tiszacsege.hu\/wp-content\/uploads\/2020\/10\/tiszacsege_logo_rovid2-1.png","contentUrl":"https:\/\/tiszacsege.hu\/wp-content\/uploads\/2020\/10\/tiszacsege_logo_rovid2-1.png","width":500,"height":150,"caption":"Tiszacsege"},"image":{"@id":"https:\/\/tiszacsege.hu\/#\/schema\/logo\/image\/"},"sameAs":["https:\/\/www.facebook.com\/tiszacsegeonkormanyzata"]}]}},"_links":{"self":[{"href":"https:\/\/tiszacsege.hu\/index.php?rest_route=\/wp\/v2\/pages\/30","targetHints":{"allow":["GET"]}}],"collection":[{"href":"https:\/\/tiszacsege.hu\/index.php?rest_route=\/wp\/v2\/pages"}],"about":[{"href":"https:\/\/tiszacsege.hu\/index.php?rest_route=\/wp\/v2\/types\/page"}],"author":[{"embeddable":true,"href":"https:\/\/tiszacsege.hu\/index.php?rest_route=\/wp\/v2\/users\/1"}],"replies":[{"embeddable":true,"href":"https:\/\/tiszacsege.hu\/index.php?rest_route=%2Fwp%2Fv2%2Fcomments&post=30"}],"version-history":[{"count":79,"href":"https:\/\/tiszacsege.hu\/index.php?rest_route=\/wp\/v2\/pages\/30\/revisions"}],"predecessor-version":[{"id":16374,"href":"https:\/\/tiszacsege.hu\/index.php?rest_route=\/wp\/v2\/pages\/30\/revisions\/16374"}],"wp:attachment":[{"href":"https:\/\/tiszacsege.hu\/index.php?rest_route=%2Fwp%2Fv2%2Fmedia&parent=30"}],"wp:term":[{"taxonomy":"folder","embeddable":true,"href":"https:\/\/tiszacsege.hu\/index.php?rest_route=%2Fwp%2Fv2%2Ffolder&post=30"}],"curies":[{"name":"wp","href":"https:\/\/api.w.org\/{rel}","templated":true}]}}