{"id":66,"date":"2018-03-14T08:30:24","date_gmt":"2018-03-14T08:30:24","guid":{"rendered":"http:\/\/tiszacsege.hu\/temetkezes\/?page_id=66"},"modified":"2019-04-11T08:03:56","modified_gmt":"2019-04-11T08:03:56","slug":"temetes","status":"publish","type":"page","link":"https:\/\/tiszacsege.hu\/temetkezes\/temetes\/","title":{"rendered":"Hamvaszt\u00e1sos temet\u00e9s"},"content":{"rendered":"\r\n<div class=\"wp-block-cover-image has-background-dim-20 has-background-dim\" style=\"background-image: url('http:\/\/tiszacsege.hu\/temetkezes\/wp-content\/uploads\/2018\/07\/DSC_0987.jpg');\"><\/div>\r\n\r\n\r\n\r\n<div class=\"wp-block-spacer\" style=\"height: 47px;\" aria-hidden=\"true\"><\/div>\r\n\r\n\r\nElv\u00e9gezz\u00fck az elhunyt holttest\u00e9nek k\u00f3rh\u00e1zb\u00f3l vagy halottash\u00e1zb\u00f3l a hamvaszt\u00f3 \u00fczembe t\u00f6rt\u00e9n\u0151 sz\u00e1ll\u00edt\u00e1s\u00e1t. Elv\u00e9geztetj\u00fck a hamvaszt\u00e1st \u00e9s ezut\u00e1n a hamvakat az \u00d6n \u00e1ltal meghat\u00e1rozott helyre, (temet\u0151, irod\u00e1nk stb.) sz\u00e1ll\u00edtjuk.\r\n\r\nMindezeket term\u00e9szetesen a hat\u00e1lyos jogszab\u00e1lyok szerint, a kegyeleti \u00e9s eg\u00e9szs\u00e9g\u00fcgyi szab\u00e1lyok gondos betart\u00e1sa mellett. A hamvaszt\u00e1ssal \u00e9s a sz\u00e1ll\u00edt\u00e1ssal kapcsolatos tennival\u00f3k mellett rendelkez\u00e9s\u00e9re \u00e1llunk a temet\u00e9ssel kapcsolatos minden egy\u00e9b feladat elv\u00e9gz\u00e9s\u00e9vel is.\r\n\r\nNagy v\u00e1laszt\u00e9kban tudunk aj\u00e1nlani hat\u00e1lyos jogszab\u00e1lyoknak megfelel\u0151 hamvaszt\u00e1si \u00e9s temet\u00e9si kegyeleti kell\u00e9keket. Tov\u00e1bb\u00e1 seg\u00edt\u00fcnk a sz\u00fcks\u00e9ges dokumentumok \u00e9s iratok beszerz\u00e9s\u00e9ben, \u00e9s v\u00e1llaljuk a kapcsolattart\u00e1st a k\u00fcl\u00f6nb\u00f6z\u0151 int\u00e9zm\u00e9nyekkel.\r\n\r\nMi seg\u00edt\u00fcnk a temet\u00e9s szervez\u00e9s\u00e9ben \u00e9s lebonyol\u00edt\u00e1s\u00e1ban.\r\n\r\nA hamvaszt\u00e1sos temet\u00e9s k\u00f6lts\u00e9ge alacsonyabb lehet a kopors\u00f3s temet\u00e9s\u00e9n\u00e9l, de ugyan\u00fagy sok r\u00e9szletb\u0151l \u00e1ll \u00f6ssze. A hamvaszt\u00e1sos temet\u00e9s \u00e1ra pontosan kisz\u00e1m\u00edthat\u00f3, munkat\u00e1rsaink seg\u00edts\u00e9g\u00e9re lesznek ebben.\r\n\r\nA temet\u0151i szolg\u00e1ltat\u00e1sok \u00e1rair\u00f3l itt t\u00e1j\u00e9koz\u00f3dhat \u00bb \u00a0\u00a0\u00a0\u00a0\u00a0\u00a0<a href=\"http:\/\/tiszacsege.hu\/temetkezes\/kellekek-szolgaltatasok\/\"><strong>Szolg\u00e1ltat\u00e1si d\u00edjak<\/strong><\/a>\r\n<h4>A hamvaszt\u00e1sos temet\u00e9s form\u00e1i<\/h4>\r\nA hamvaszt\u00e1sos temet\u00e9s t\u00f6bb m\u00f3dj\u00e1t is v\u00e1laszthatja, att\u00f3l f\u00fcgg\u0151en, hogy melyik tiszteletad\u00e1si form\u00e1ban k\u00edv\u00e1n elb\u00facs\u00fazni szerett\u00e9t\u0151l. K\u00fcl\u00f6nbs\u00e9g lehet a b\u00facs\u00faztat\u00f3 szertart\u00e1sban \u00e9s a hamvakat tartalmaz\u00f3 urna vagy a hamvak elhelyez\u00e9s\u00e9ben.\r\n<ul>\r\n \t<li>B\u00facs\u00faztat\u00f3 szertart\u00e1s form\u00e1k<\/li>\r\n<\/ul>\r\n<strong>Hamvaszt\u00e1s el\u0151tti b\u00facs\u00faztat\u00f3 szertart\u00e1s<\/strong>\r\n\r\nEnn\u00e9l a szertart\u00e1si form\u00e1n\u00e1l hagyom\u00e1nyos kopors\u00f3s b\u00facs\u00faszertart\u00e1s t\u00f6rt\u00e9nik. A hamvaszt\u00e1sra csak a b\u00facs\u00faszertart\u00e1s ut\u00e1n ker\u00fcl sor. Az urna v\u00e9gs\u0151 helyre t\u00f6rt\u00e9n\u0151 elhelyez\u00e9sekor m\u00e1r csak egy sz\u0171kebb k\u00f6r\u0171 megeml\u00e9kez\u00e9s t\u00f6rt\u00e9nik, vagy ak\u00e1r ez el is hagyhat\u00f3, p\u00e9ld\u00e1ul az urna hazavitele eset\u00e9n.\r\n\r\n<strong>Hamvaszt\u00e1s ut\u00e1ni urna ravataloz\u00e1s<\/strong>\r\n\r\nEnn\u00e9l a szertart\u00e1si form\u00e1n\u00e1l az elhunytat elhamvasztj\u00e1k \u00e9s a temet\u00e9skor az urna ker\u00fcl felravataloz\u00e1sra. A b\u00facs\u00faszertart\u00e1s \u00e9s az urn\u00e1s temet\u00e9s egy id\u0151ben t\u00f6rt\u00e9nik. A b\u00facs\u00faztat\u00f3 ut\u00e1n a hamvakat tartalmaz\u00f3 urna egyb\u0151l a v\u00e9gs\u0151 hely\u00e9re ker\u00fcl.\r\n<ul>\r\n \t<li>Az urna falban val\u00f3 elhelyez\u00e9se<\/li>\r\n \t<li>Az urna s\u00edrhelyben val\u00f3 eltemet\u00e9se<\/li>\r\n<\/ul>\r\nAz urn\u00e1t az erre a c\u00e9lra megv\u00e1ltott, speci\u00e1lis s\u00edrhelyben (urnas\u00edrhely) helyezik el, hasonlatosan a kopors\u00f3s temet\u00e9shez.\r\n\r\n<strong>Az urna otthon val\u00f3 elhelyez\u00e9se<\/strong>\r\n\r\nMegfelel\u0151 dokument\u00e1l\u00e1s mellett lehet\u0151s\u00e9ge van a hamvakat tartalmaz\u00f3 urna hazavitel\u00e9re \u00e9s a kegyeleti szempontok betart\u00e1sa mellett, saj\u00e1t ingatlan ter\u00fclet\u00e9n elhelyez\u00e9s\u00e9re.\r\n\r\n<strong>Egy\u00e9b, speci\u00e1lis m\u00f3dok<\/strong>\r\n\r\nEgyedi enged\u00e9lyez\u00e9ssel, megfelel\u0151 dokument\u00e1l\u00e1s mellett, lehet\u0151s\u00e9g van a hamvak speci\u00e1lis helyen val\u00f3 eltemet\u00e9s\u00e9re vagy elsz\u00f3r\u00e1s\u00e1ra. Ezekhez a m\u00f3dozatokhoz egyedi enged\u00e9lyez\u00e9s \u00e9s elb\u00edr\u00e1l\u00e1s sz\u00fcks\u00e9ges.","protected":false},"excerpt":{"rendered":"<p>Elv\u00e9gezz\u00fck az elhunyt holttest\u00e9nek k\u00f3rh\u00e1zb\u00f3l vagy halottash\u00e1zb\u00f3l a hamvaszt\u00f3 \u00fczembe t\u00f6rt\u00e9n\u0151 sz\u00e1ll\u00edt\u00e1s\u00e1t. Elv\u00e9geztetj\u00fck a hamvaszt\u00e1st \u00e9s ezut\u00e1n a hamvakat az \u00d6n \u00e1ltal meghat\u00e1rozott helyre, (temet\u0151, irod\u00e1nk stb.) sz\u00e1ll\u00edtjuk. Mindezeket term\u00e9szetesen a hat\u00e1lyos jogszab\u00e1lyok szerint, a kegyeleti \u00e9s eg\u00e9szs\u00e9g\u00fcgyi szab\u00e1lyok gondos betart\u00e1sa mellett. A hamvaszt\u00e1ssal \u00e9s a sz\u00e1ll\u00edt\u00e1ssal kapcsolatos tennival\u00f3k mellett rendelkez\u00e9s\u00e9re \u00e1llunk a temet\u00e9ssel kapcsolatos<br \/><a class=\"moretag\" href=\"https:\/\/tiszacsege.hu\/temetkezes\/temetes\/\">+ Read More<\/a><\/p>\n","protected":false},"author":1,"featured_media":0,"parent":0,"menu_order":0,"comment_status":"closed","ping_status":"closed","template":"","meta":{"footnotes":""},"class_list":["post-66","page","type-page","status-publish","hentry"],"_links":{"self":[{"href":"https:\/\/tiszacsege.hu\/temetkezes\/wp-json\/wp\/v2\/pages\/66","targetHints":{"allow":["GET"]}}],"collection":[{"href":"https:\/\/tiszacsege.hu\/temetkezes\/wp-json\/wp\/v2\/pages"}],"about":[{"href":"https:\/\/tiszacsege.hu\/temetkezes\/wp-json\/wp\/v2\/types\/page"}],"author":[{"embeddable":true,"href":"https:\/\/tiszacsege.hu\/temetkezes\/wp-json\/wp\/v2\/users\/1"}],"replies":[{"embeddable":true,"href":"https:\/\/tiszacsege.hu\/temetkezes\/wp-json\/wp\/v2\/comments?post=66"}],"version-history":[{"count":11,"href":"https:\/\/tiszacsege.hu\/temetkezes\/wp-json\/wp\/v2\/pages\/66\/revisions"}],"predecessor-version":[{"id":152,"href":"https:\/\/tiszacsege.hu\/temetkezes\/wp-json\/wp\/v2\/pages\/66\/revisions\/152"}],"wp:attachment":[{"href":"https:\/\/tiszacsege.hu\/temetkezes\/wp-json\/wp\/v2\/media?parent=66"}],"curies":[{"name":"wp","href":"https:\/\/api.w.org\/{rel}","templated":true}]}}